 + 266. List the prime factors of z(-34).
2, 27061
Suppose 23*t = 12*t - 66. List the prime factors of (-7604)/t + (-2 - 45/(-27)).
7, 181
Let i(u) = 292*u**3 - u**2 + 5*u - 3. Let c = -70 - -71. What are the prime factors of i(c)?
293
Let f(p) = 18*p + 317. Let i(c) = -c**3 + 6*c**2 + 4*c - 14. Let t be i(4). What are the prime factors of f(t)?
929
Let j = 25 - 24. Let q be 13/65 - ((-79)/5 + j). Suppose -367 = -q*w + 368. What are the prime factors of w?
7
Let q = -5168 - -8968. What are the prime factors of q?
2, 5, 19
Let b = 71 - 67. Suppose -874 = -6*r + b*r. List the prime factors of r.
19, 23
Let f(n) = 3*n - 24. Let m be f(11). Suppose 2*z + m = 79. List the prime factors of z.
5, 7
Let w(z) = z**3 - 3*z**2 + 4*z - 9. Let x be w(3). Suppose s - 373 = -x*k, 4*s - 273 - 1234 = 3*k. List the prime factors of s.
2, 47
Suppose 4*y - 621 = 13*y. Let v = y + 202. Suppose 615 = 4*d - v. What are the prime factors of d?
11, 17
Let i = 6761 + -3023. List the prime factors of i.
2, 3, 7, 89
Let w(o) = -o**2 - 25*o - 43. Suppose c + 101 = -4*j, 121 = -2*j - 3*j + 4*c. Let t = -44 - j. List the prime factors of w(t).
71
List the prime factors of (-8409456)/(-138) - (439/23 + -19).
2, 30469
Let m = -29 - -33. Suppose 2*k + 19 = 5*u, m*k = u + 3 + 4. Suppose 7*w = k*w + 308. What are the prime factors of w?
7, 11
Suppose 7*o - 6*o + 5*l - 6814 = 0, 3*o + 2*l - 20507 = 0. List the prime factors of o.
7, 977
What are the prime factors of 475584/80 - 6/(-5)?
2, 3, 991
Let u = 474 - 1113. What are the prime factors of u/(-36)*(-144)/(-3)?
2, 3, 71
Let y be (-2 - -6) + ((-2710)/5)/(-1). Let n = 770 - y. List the prime factors of n.
2, 7
Let a be -2 + (-20)/(-4) + 2. Let c = 62 + -57. Suppose -p + c*l = -244, -2*p + 52 + 496 = a*l. What are the prime factors of p?
2, 3, 11
Suppose -18*a + 22*a - 1828 = 0. Suppose 0 = 4*z - a - 535. What are the prime factors of z?
2, 31
Suppose -d = 3 - 8, -3*j + 691 = -4*d. Let t = j - -412. List the prime factors of t.
11, 59
Suppose -3*r = 3*o - 15, 3*o = -3*r + 5*r + 15. Suppose b + 452 = 4*j - b, -o*j + 3*b = -564. List the prime factors of j.
2, 3, 19
Let z = -339 - -341. List the prime factors of 4 + -1 - z - -461.
2, 3, 7, 11
Let u = 5590 - 382. What are the prime factors of u?
2, 3, 7, 31
What are the prime factors of 10374/7 + (-45)/(-5)?
3, 7, 71
Let q = -18932 - -19198. What are the prime factors of q?
2, 7, 19
Suppose 9778*p - 9786*p + 48088 = 0. List the prime factors of p.
6011
Let v(b) = -8*b**2 + 703*b - 154. What are the prime factors of v(86)?
2, 71
Let j be 0 + -7*(5 + 13375/(-35)). Suppose 5*l - 2643 = -2*w, -4*l - 5*w = l - j. List the prime factors of l.
23
Suppose 0 = -13*c + 237 + 36. Suppose 0 = -5*u + 42 + 83. Suppose 0 = x - u - c. List the prime factors of x.
2, 23
Let s(u) = 3012*u**2 + 8*u + 1. Let i be s(-2). Suppose -520*y + 513*y = -i. List the prime factors of y.
3, 191
Let y(j) = 15*j**3 - 2*j**2 + 10*j + 24. List the prime factors of y(7).
53, 97
Let z = 74 + -73. Let b(s) = 8*s**3 + 2*s - 2. Let g be b(z). Suppose -11*r + 405 = -g*r. List the prime factors of r.
3, 5
Let s(n) = 3*n**3 + 26*n**2 - 280*n - 56. What are the prime factors of s(24)?
2, 7, 887
Suppose -3*z + 2052 = 4*u, 5*z - 3057 = u + 363. Suppose -14*w - z = -16*w. What are the prime factors of w?
2, 3, 19
Suppose 0 = 178*q - 83217 - 100878 - 37693. List the prime factors of q.
2, 7, 89
Let v = -6037 + 13893. List the prime factors of v.
2, 491
Suppose 5*y = -g + 41, y + 2*g = -3*y + 28. Suppose -7*l = -4*l - y, 2*j + 4*l - 522 = 0. What are the prime factors of j?
3, 5, 17
Suppose 3*k - 3*v - 18678 = 0, -12453 = -5*k - 5*v + 18717. What are the prime factors of k?
2, 5, 7, 89
What are the prime factors of 72/(-240)*8/(-6) - (-307940)/25?
2, 3, 2053
Let a(u) = -u**3 + 21*u**2 - 9*u - 20. Let c be (10/(-4))/((-17)/(-442)). Let f = c - -85. List the prime factors of a(f).
2, 5
Suppose -4*l + 80 = -4*c, 3*l - 5*l - c + 34 = 0. What are the prime factors of (84/l)/(3/108)?
2, 3, 7
Suppose 0 = 7*c + 24 - 1529. Let r = c + -56. Suppose j - 135 = -2*y + 4*y, 4*y = -j + r. What are the prime factors of j?
11, 13
Suppose -15 = 2*l - 7*l. Let p = l - 1. Suppose p*h - 546 = -5*h. List the prime factors of h.
2, 3, 13
Let t(w) = 17 - 11 + 6 - 5*w. Let l be t(-2). Suppose 3*r - l = r. List the prime factors of r.
11
Let p(s) = 42*s**2 - 47*s**2 - s**3 + 0 + 1 - s - 2. What are the prime factors of p(-5)?
2
Let a be (0 + -77)/(((-18)/(-4))/9). Suppose 3*m = -3*n - 7 - 20, -4*m - 30 = 2*n. List the prime factors of (a/m)/(4 + (-33)/9).
7, 11
Let b(g) = 12 - 1 - 723*g**2 + 714*g**2 - 138*g. What are the prime factors of b(-8)?
7, 11
Suppose g = 2*u + 14915, -2*u - 59660 = -g - 3*g. What are the prime factors of g?
5, 19, 157
Suppose 3*b = -0*b - 2*b. Suppose b = l - 4 - 0. Suppose -4*c + l*d + 371 = 23, 3*c + 3*d - 273 = 0. List the prime factors of c.
89
Let h(m) = m**3 - 2*m**2 - 4*m - 7. Let d = -5 + 3. Let a be h(d). Let p(t) = -t**3 - 15*t**2 - 10*t - 7. List the prime factors of p(a).
11, 13
Suppose 3*o + 4*y + 327 = 0, 5*o - 2*y = y - 516. Let x be (-4)/(-3)*o/14. What are the prime factors of ((-324)/x)/((-8)/(400/(-15)))?
2, 3
Let o = 8 - -7. Suppose -5*t - o = -20. List the prime factors of ((-1498)/(-11) + (-6)/33)/t.
2, 17
Let h(k) = -10*k**3 - k**2 + 60*k + 57. List the prime factors of h(-9).
2, 3, 19, 59
Suppose -3*m + 435 = 5*p, 3*p - 2*m = 3*m + 227. Let h = p - 76. Suppose s - 5*f = 252, -3*s - 1212 = -h*s + f. List the prime factors of s.
2, 11
Let h = 159966 - 96412. What are the prime factors of h?
2, 43, 739
Let k(n) = 2*n**2 + 178*n + 510. What are the prime factors of k(-89)?
2, 3, 5, 17
Let y(b) = -240*b - 143. Let r(m) = 65*m + 58. Let i be r(-1). What are the prime factors of y(i)?
29, 53
Let d = 3482 - 1870. What are the prime factors of d?
2, 13, 31
Let v = 59078 - 20856. List the prime factors of v.
2, 29, 659
Let v(m) = -m**3 - 10*m**2 + 4. Let r be v(-10). Suppose r*i - 2216 = z, 2*i - z = 5*i - 1669. List the prime factors of i.
3, 5, 37
Let a = 70 - 157. Let u(p) = 154*p**3 + 2*p**2. Let j be u(1). Let c = a + j. What are the prime factors of c?
3, 23
Let y = -2949 - -11240. What are the prime factors of y?
8291
Suppose 11266 = 2*l + 6*q, 0*q = 4*l - 3*q - 22607. List the prime factors of l.
2, 353
Let a = 184 - 182. Suppose 0 = 2*c - a, l = 6*c - c + 452. List the prime factors of l.
457
Suppose 57893 = -35*d + 46*d. What are the prime factors of d?
19, 277
Suppose 3*z = l + 30108, 11*z - 5*l = 9*z + 20046. What are the prime factors of z?
2, 3, 7, 239
Suppose -2*m + 36904 = -2*b, 5*m + 396*b - 392*b - 92332 = 0. List the prime factors of m.
2, 5, 13, 71
Let i(f) = 2*f**2 - f + 8. Let z be i(8). Let j(u) = 4*u**3 + 5*u**2 - 11*u + 7. Let y be j(-4). Let d = y + z. List the prime factors of d.
3
What are the prime factors of -54650*(66/(-4) - -16)?
5, 1093
Let v(s) = -41 - 18*s - 16*s + 33*s. Let o(i) = 2*i + 102. Let q(c) = -5*o(c) - 12*v(c). What are the prime factors of q(12)?
2, 3
Let v = 3284 - -1440. List the prime factors of v.
2, 1181
Let l = 62975 - 35059. What are the prime factors of l?
2, 7, 997
Suppose 459 = 2*g - 129. Suppose 293*x - g*x = -570. What are the prime factors of x?
2, 3, 5, 19
Let r = 6262 + 10013. What are the prime factors of ((-80)/28)/((-30)/r)?
2, 5, 31
Suppose -13 - 8 = -3*k. Suppose -12*l = -k*l - 60. Suppose 0 = 4*o - 4*i - 48, -3*o + 0 = 3*i - l. List the prime factors of o.
2
Let z(w) = -196*w + 30. Let n(h) = 426*h - 59. Let j(a) = -12*n(a) - 26*z(a). Let p be -2 - -1 - 20/1. List the prime factors of j(p).
2, 3, 11
Suppose -27*r - 6442 = -25909. Let o = r - 344. What are the prime factors of o?
13, 29
Suppose -14*f + 9600 = -11*f. Suppose f = -27*m + 35*m. What are the prime factors of m?
2, 5
Let j = -18 - -21. Let c be j - (-23 + 0 + -2). Suppose -31*s + 261 = -c*s. List the prime factors of s.
3, 29
Let w(t) = t**3 - 10*t**2 - 11*t - 41. Let x be w(11). Let o = x + 90. List the prime factors of o.
7
Let r(i) = 60*i**2 + 6. Let v be -2*(-1 + 5/2). Let h be r(v). Let j = -285 + h. What are the prime factors of j?
3, 29
Suppose 0 = 64*t + 625 - 1171633. List the prime factors of t.
3, 19, 107
Suppose -572*m + 28815 = 5*s - 577*m, 11506 = 2*s + 2*m. List the pr